) = -n(a) - 6*t(a). Calculate w(-13).
-7
Let g(y) = 124*y + 145*y - 364*y + 4 + 195*y - 10*y**2. Give g(10).
4
Let s(r) = r**3 + r**2 + r + 1. Let a(o) = 17*o**2 - 31*o - 33*o + 4 + 106*o + 6*o**3 - 33*o. Let f(c) = -a(c) + 4*s(c). Calculate f(-6).
-6
Let u(r) be the second derivative of -8*r**3/3 + 13*r**2/2 - 233*r. Calculate u(1).
-3
Let o(k) = 35*k + 18. Let h(n) = 26*n + 16. Let c(r) = -4*h(r) + 3*o(r). Calculate c(-3).
-13
Let q(x) = 9*x. Let o be (693/165)/(2/(-230)). Let d = o - -486. Give q(d).
27
Suppose 7 = n + 3. Suppose 5*q + 2*c = 4 + 4, -n*q - 3*c = -12. Let v(j) = j - 7. Give v(q).
-7
Let s(d) = d**2 + 7*d - 16. Let o be s(-10). Suppose j + 3*j = -5*b - 1, o = -2*b - 5*j. Let q be b*(3 - (76/(-6))/(-2)). Let x(v) = v**2 + 10*v - 5. Give x(q).
-5
Let y = 60 - 61. Let h be (4 + y)*-1*(-10)/6. Let b(z) = -3 - 3*z + 6 - 4 + 5*z. Determine b(h).
9
Suppose -38*b + 42 - 291 = 93. Let c(w) = -w**3 - 9*w**2 - 9*w - 21. What is c(b)?
60
Suppose -n = 3*u + 3*n - 263, 5*n = 2*u - 183. Let j = 86 - u. Let v(i) = -4*i + 3. Let g(k) = 7*k - 4. Let h(z) = j*g(z) - 5*v(z). What is h(-6)?
3
Let i(g) be the second derivative of g**3/6 - g**2/2 - 1776*g. Let x be 3/((-2 - -4) + -1). Suppose 0 = -x*t + 2*v - 3, t + 0*v - 10 = -3*v. Determine i(t).
0
Suppose -67*t = -173*t + 636. Let q(l) = -10*l + 38. Give q(t).
-22
Let p(w) = -4*w**2 + 10*w**3 + 9*w**3 - 34*w**3 - 5*w - 24 + 16*w**3 + 10*w**2. Give p(-6).
6
Let o(v) = -v**2 + 3*v + 3. Suppose 2*z + 3*g = 156, z + 4*g - 73 = -0*g. Let u = 92 - z. Suppose -5*t + 9 + u = 0. Calculate o(t).
-1
Suppose 0 = -307*k + 311*k + 2*o - 26, 19 = k + 3*o. Let q(n) be the second derivative of 1/2*n**2 + 0 - 1/6*n**3 + 42*n + 1/12*n**k. Give q(-2).
7
Let l(r) = -306 - 379 - 3*r**2 + 682 - r. Determine l(-1).
-5
Let r(u) be the first derivative of u**3/3 + u**2 - 6*u - 53. Let b(m) = 2*m**2 - 43*m + 235. Let q be b(11). Give r(q).
18
Let v(i) be the third derivative of -5*i**4/24 - 4*i**3/3 + i**2 - 31*i. Let l(d) = -5*d - 11. Let b(w) = -3*l(w) + 4*v(w). Calculate b(5).
-24
Let n be (-5 - -7)/((-2)/(-1 - 0)). Let o(h) = -h + 6. Let t(j) = j + 1. Let r(p) = n*o(p) - 2*t(p). What is r(-4)?
16
Let k(d) = 4*d + 72. Suppose 378*j + 5*r = 379*j + 19, 5*j - 5*r + 95 = 0. What is k(j)?
-4
Let n(g) = -5*g + 46. Let d = -14206 + 14224. Determine n(d).
-44
Let a(j) = j**2 - 6*j + 3. Suppose -5*i - 144 = -189. Give a(i).
30
Let f(a) = -656*a - 946 + 168*a + 550*a - a**2. What is f(35)?
-1
Suppose 0 = -291*j - 73*j - 718 - 1102. Let r(s) = -21*s - 107. Determine r(j).
-2
Let j(f) = f**2 - 2*f - 4. Let z be 8/((9 - 5) + -6)*1. What is j(z)?
20
Let c(u) be the first derivative of 7/3*u**3 + 2*u - 4 - 1/4*u**4 - 9/2*u**2. Let j = 6721 - 6715. Give c(j).
-16
Let i(l) = -1404*l + 4204. Let o be i(3). Let r(s) = -s**2 - 4*s + 10. Determine r(o).
-22
Suppose 136*f = 141*f - 25. Let b(q) = -q. Let i(m) be the second derivative of -4*m**3/3 - 3*m**2/2 + 3*m. Let g(t) = 6*b(t) - i(t). Give g(f).
13
Suppose -29*x - 305 = -34*x. Let r(y) = 3 + 18 - x - 6*y. Let h(g) = 4*g + 27. Let f(n) = 7*h(n) + 5*r(n). Calculate f(-8).
5
Let u be (-1 + 4 - 2)/((-3)/(-9)). Let a(c) be the third derivative of 0*c - 1/120*c**6 + 1/8*c**4 - 11*c**2 - 1/10*c**5 + 7/6*c**u + 0. Calculate a(-6).
-11
Let a be (2440/60)/((-2)/3). Let c be 4/(-5) - 314/(-5). Let i = a + c. Let z(h) = -6*h**2 + 2*h - 1. What is z(i)?
-5
Suppose 6*g - 2*g = 40. Suppose -34 = 4*o - g. Let c(y) = y + 41 - 23 - 8. Calculate c(o).
4
Suppose 4*s = 5*a - 96, -4*a + 5*s = -29 - 46. Suppose -a = f - 5*m, -2*f = -f - 3*m + 10. Let g(u) = 0*u + u**3 - 2*u - 2*u - f*u**2 + 1. Calculate g(5).
-19
Suppose 395*v - m = 397*v, 4*v + 4 = -m. Let l(j) = -5*j - 28. Give l(v).
-18
Let q be (207/(-27))/((-3)/9). Let t(r) = -q + 7 + 11 + 2*r. Let u = -318 + 323. Calculate t(u).
5
Let f(g) = -g**2 - 5*g + 19. Let t be (2150/20 - -15) + (-6)/4. Let a = t + -128. Give f(a).
5
Let u(h) = h**3 - h - 6. Let x = 21 - -37. Let v = -57 + -1. Let r = v + x. What is u(r)?
-6
Let s(u) be the second derivative of 0 + 1/6*u**4 - 104*u - 3/2*u**2 - 1/3*u**3. Determine s(-2).
9
Let c(d) = 3*d + 16. Let j be (-42)/8 - (30/40)/(-3) - -27. Calculate c(j).
82
Let r(b) = -14*b**2 - 93*b + 7. Let q(t) = -20*t**2 - 142*t + 11. Let n(m) = -5*q(m) + 8*r(m). Give n(-3).
-5
Let o = -144 - -150. Let g(f) = -f**3 + f**2 + 29*f - 13. Let u be g(o). Let p(h) = -h - 21. Determine p(u).
-2
Let y(w) = -w**2 + 6*w - 5. Let n be (5/4)/(4/(-16)) + 53. Let g = n + -45. Calculate y(g).
4
Let t(a) be the second derivative of -2*a**3/3 - 7*a**2/2 + 1576*a. Determine t(3).
-19
Let h = 4157 + -4157. Let j(i) = i**2 + 2*i + 63. Give j(h).
63
Let b(q) be the second derivative of q**5/20 - 11*q**4/12 - 5*q**3/3 - 13*q**2 - 2782*q. What is b(12)?
-2
Suppose -5*n = 3*n + 352. Let p = n + 48. Let t(h) = -4*h + 5*h - 4*h + p*h + 2. Calculate t(-3).
-1
Let f(u) = -u**3 + 6*u**2 + 5*u - 6. Let b(z) = -8*z - 129. Let t be b(-17). Determine f(t).
-20
Let a(n) = -n**3 - 3*n**2 + 5. Suppose 3*k - 6*k + 12 = 3*j, -5*j = -2*k - 20. Suppose 4*y = -5*i + 6*y - j, -3*y = -6. Give a(i).
5
Let n(y) = -y**2 - y - 8. Let j(f) = -8*f + 2. Let i be j(-1). Let g(v) = 3*v - 25. Let a be g(i). Suppose -m = -a*b - 0*b + 3, -2*m = 2*b + 6. Give n(b).
-8
Let x be 10/(1*-2) + 0/((-308)/14). Let c(i) = -i**2 - 4*i + 24. Give c(x).
19
Let m(u) = -u**3 + 11*u**2 - 10*u - 4. Let q be m(10). Let l(y) be the second derivative of -y**5/20 - 5*y**4/12 - y**3/2 - y**2 - 1870*y. Give l(q).
-6
Suppose 24*u - 4 = 20*u. Let l be u*3 - (10 + -8). Let t(b) be the second derivative of 3*b**5/5 - b**4/6 + b**2/2 - 37*b + 1. What is t(l)?
11
Let d(k) = -27*k - 58. Let v be d(-2). Let g(o) = -o**3 - 5*o**2 - 4*o - 9. What is g(v)?
-9
Let m(v) be the second derivative of -v**7/2520 - v**6/240 + v**5/60 + 11*v**4/3 + v**2/2 + 51*v + 1. Let u(d) be the third derivative of m(d). Calculate u(-2).
4
Suppose -5*o = -s + 3, 5*s - 5*o - 9 = -14. Let u(f) = 7*f**3 - f**2 + 2. Calculate u(s).
-58
Let v = -2555 + 2562. Let h(k) = 4*k - 14. Give h(v).
14
Let j(w) be the first derivative of 29*w**6/360 + w**5/120 + 2*w**3/3 - 2*w - 17. Let n(g) be the third derivative of j(g). Give n(1).
30
Let a(f) = -f**3 - 20*f**2 - 19*f - 5. Let u be 7/(35/10) - 16 - 5. Let b be a(u). Let t(o) = o**3 + 6*o**2 + 4*o + 4. What is t(b)?
9
Let w(c) be the first derivative of c**3/6 + 9*c**2/2 + 60*c + 68. Let l(a) be the first derivative of w(a). Let q = 10 - 16. Determine l(q).
3
Let q(i) = -5*i**3 + i - 3. Let m(h) = 6*h**3 - h + 3. Let o = -18 + 22. Let k(u) = o*m(u) + 5*q(u). Determine k(0).
-3
Let w = 121 - 117. Let l(t) = -3*t - 8*t - w + 11 + 10*t. Give l(9).
-2
Suppose 7*b + 10*b = -11*b + 420. Let p(y) = y**3 - 16*y**2 + 15*y + 14. What is p(b)?
14
Let i = 42624 + -42628. Let w(s) = 0 + 0 - 8 - 3*s. Determine w(i).
4
Let f(r) = r + 1. Let x be f(1). Let z(m) be the third derivative of 0*m - 1/30*m**5 + 1/24*m**4 + 1/6*m**3 + 9*m**2 + 0. Calculate z(x).
-5
Let u = 402 - 258. Let n = -151 + u. Let s(m) be the first derivative of -m**4/4 - 3*m**3 - 11*m**2/2 - 5*m + 6. Give s(n).
-26
Let o(y) = y - 8. Let n(d) = 2*d - 17. Let p(q) = 6*n(q) - 13*o(q). Suppose u + 33 = 2*a - 6*a, 0 = 2*a - u + 9. What is p(a)?
9
Suppose 0 = -d + 4*g - 14, 5*d - 16 = -2*g + 24. Let x be d/(-4)*((-8)/(-6) - 4). Let l(i) = i**3 - 4*i**2 + 4*i - 1. Calculate l(x).
15
Suppose 78808 - 78896 = 44*f. Let n(q) = 1 - 3*q - 4 + 2 + q. Give n(f).
3
Let k(f) be the third derivative of -f**5/60 + 5*f**4/12 - 7*f**3/2 - 1644*f**2. What is k(6)?
3
Let p(k) = 7*k + 15. Suppose -74*l = -52*l - 45*l - 230. Determine p(l).
-55
Let j(z) = z**2 + 7*z - 15. Let s be j(2). Suppose 0 = 4*u + 12, -s*p + 2*u = -2*p + 5. Let a(x) = -x - 7. Calculate a(p).
4
Suppose 0 = 428*r - 460*r - 64. Let k(g) = -7*g**2 + 3*g**2 + 1 + 1. Calculate k(r).
-14
Suppose m + 3 = 4*t - 2, -4*t + 15 = -3*m. Let b(g) = 2*g**2 + 441*g - 436*g - g**2 - 5. Let r(d) = -4*d**2 - 21*d + 19. Let i(h) = 9*b(h) + 2*r(h). Give i(m).
3
Let n(c) be the first derivative of c**2/2 - 10*c + 9503. Suppose 6*s - 20 = 2*s. Determine n(s).
-5
Let u = -490 + 502. Let c(n) = 11*n - 5 - 2 - u*n. Determine c(-18).
11
Suppose 45 = 7*f - 18. Let w(t) = -9*t**2 + 6*t**3 + 0*t**3 - 37 + f*t - 5*t**3 + 25. 